emainder when m is divided by 13.
12
Let f(g) = -503*g**2 + 75*g - 35. Let q(s) = 126*s**2 - 19*s + 8. Let v(h) = 2*f(h) + 9*q(h). Calculate the remainder when v(1) is divided by 0 + 1 + 1*27.
25
Let g(i) be the first derivative of -2*i**3/3 - 15*i**2/2 + 14*i - 91. Calculate the remainder when 207 is divided by g(-7).
18
Suppose 9*t - 8*t - 7 = 0. Let p(i) = -23 - 8*i + 7*i + 9. What is the remainder when t is divided by p(-20)?
1
Suppose 2*k = 204 - 40. What is the remainder when k is divided by 5 + (7 - (3 + (7 - 10)))?
10
Suppose 3*i = 4*q + 60, 5*i = 7*q - 3*q + 92. Calculate the remainder when 3*(-3)/(-6)*34 is divided by i.
3
Let a(k) = -2*k - 5. Let b be a(-5). Calculate the remainder when 43 is divided by (-24)/((-6)/(-2) - b).
7
Let q(o) = -2*o - 12. Let m(z) = -2*z - 11. Let h(p) = 6*m(p) - 5*q(p). Let a be h(-4). Suppose 43 = a*g + 7. What is the remainder when g is divided by 9?
0
Suppose 3*u - 5*z - 384 = 0, 2*u - 12*z = -14*z + 224. Calculate the remainder when u is divided by 107.
11
Suppose 18*u - 88*u + 274 = 67*u. Let a = 48 - 4. Suppose -k + 2*k - 24 = -2*r, -u*r + 4*k = -a. Calculate the remainder when 94 is divided by r.
10
Let l = 15307 + -14722. Calculate the remainder when l is divided by (8/(-12))/(2/(-252)).
81
Suppose 13 = 8*n - 43. Suppose n*g = 12*g - 195. Let q = 27 + -17. Calculate the remainder when g is divided by q.
9
Let i be (-2 + 19/3)/(1/(-3)). Let q = i + 16. Suppose -3*x + 25 = -q*u + 4*u, 0 = -4*x. What is the remainder when 98 is divided by u?
23
Suppose 3*t = -2*t + 70. Suppose -11*b + 204 = -t*b. Let n = b + 88. What is the remainder when 179 is divided by n?
19
Suppose 972 - 97 = -5*s. Let v = s + 300. Suppose 9*t - 4*t = v. What is the remainder when 97 is divided by t?
22
What is the remainder when (-14356)/(-148) + -18 + 0 is divided by 38?
3
What is the remainder when (513 - 4) + (-230)/80 + (-2)/16 is divided by 60?
26
Let v(x) = 2*x**2 + 33*x + 146. Let m(c) = c**2 + 17*c + 73. Let s(g) = -5*m(g) + 3*v(g). Calculate the remainder when 449 is divided by s(-8).
24
Let o = 52 - -3. Suppose -57 + 45 = -4*f. Suppose -f*k + 5 = -2*i + 58, k = 5*i - 113. What is the remainder when o is divided by i?
11
Let o(y) be the second derivative of y**4/12 + y**3/6 - y**2/2 - 4*y. Suppose 18*m = 25*m - 21. What is the remainder when 41 is divided by o(m)?
8
Calculate the remainder when 241 is divided by 4/(3 - 5) - (1 + -6 - 38).
36
Suppose 5*j + 41 = -5*q + 36, 0 = 3*j + 12. Calculate the remainder when 42 is divided by q.
0
Let l(w) = -26*w + 9. Suppose 2*p = 1204 - 1200, x - 17 = 5*p. Calculate the remainder when l(-12) is divided by x.
24
Let z = 10957 + -8917. Calculate the remainder when z is divided by 11.
5
Suppose -x + 1680 = 3*x. Let p = x + -176. Suppose -3*j + p = j. Calculate the remainder when j is divided by 7.
5
Let b(d) = -306*d - 36. Calculate the remainder when b(-1) is divided by 123.
24
Let c be 1/(-2)*40/(-2). Suppose 0 = -m + c*m - 2025. Let s = -150 + m. What is the remainder when s is divided by 39?
36
Suppose 9160 = -24*q + 32320. Calculate the remainder when q is divided by 88.
85
Let n be -1 + 78 - (-55)/(-11). Let w = -45 + n. Suppose 0 = -w*i + 31*i - 48. Calculate the remainder when 23 is divided by i.
11
Let t(f) = 11*f**2 - 73*f - 220. Suppose 271 = 2*s - r, -5 = -0*r - r. What is the remainder when s is divided by t(9)?
12
Suppose 6 = -n + 3, 4*o + n - 29 = 0. Calculate the remainder when (-2967)/(-92) + (-2)/o is divided by 10.
2
Let r(h) = 458*h - 1687. Calculate the remainder when r(4) is divided by 32.
17
Suppose 768 - 7530 = -69*j. Suppose 0*r - 54 = -4*z + r, -5*z + 4*r + 73 = 0. Calculate the remainder when j is divided by z.
7
Suppose 3*m - 3*s = 15, -m + 34*s - 10 = 38*s. Suppose 5*q - 8 = -2*j - 2*j, 0 = -4*q. Calculate the remainder when j is divided by m.
0
Suppose -28*k = -21*k - 28. Suppose -5*y = -10*r + 8*r - 166, -k*y - 2*r + 140 = 0. What is the remainder when 58 is divided by y?
24
Suppose 210*g + 1938 = 227*g. What is the remainder when 1096 is divided by g?
70
Let r(g) = -2*g**2 + 30*g - 19 + 30 - 16*g. Calculate the remainder when r(5) is divided by 8.
7
Let c(l) = l**3 + l**2 + 4. Let k be c(-2). Suppose 101 = d - k*t + t, 2*d + 5*t - 214 = 0. Calculate the remainder when d is divided by 10.
7
Suppose 2*p + u - 167 = 0, -69*p + 66*p + 246 = 3*u. What is the remainder when p is divided by 82?
3
Suppose h = 4*z + 302, 2*h + 265*z - 562 = 266*z. Calculate the remainder when 289 is divided by h.
11
Let q = 108 - 61. Let k = q - 40. Suppose -4*l = -k*l + 51. What is the remainder when l is divided by 9?
8
What is the remainder when ((-168)/35)/((-2)/90*(-16)/(-24)) is divided by 128?
68
Suppose -62*t + 20 = -60*t. Let r(n) = -136*n - 1. Let f be r(2). What is the remainder when ((-12)/(-14))/((-13)/f) is divided by t?
8
Let q(s) = -3*s**2 - 4*s + 7. Let l be q(2). Let c(g) = g + 13. Let i be c(l). Calculate the remainder when 59 is divided by 20 + (0/1 - i).
19
Let b = -8854 - -9254. What is the remainder when b is divided by 34?
26
Let y be (-18)/(-45) - 57/5. Let b(q) = q**3 + 4*q**2 + q - 1. Let c be b(-4). Let f = c - y. What is the remainder when 9 is divided by f?
3
Let r be -1 + (2 - 1) + 492/(-41). Let t(l) = -22*l - 210. What is the remainder when t(r) is divided by 19?
16
Suppose 3*o + o - 24 = 0. Let z = -7 - -7. Suppose 0 = 3*f - 15, z = -5*j - 4*f + 28 + 77. What is the remainder when j is divided by o?
5
Let u = 16620 + -15413. Calculate the remainder when u is divided by 93.
91
Suppose 5453 = 31*q - 28*q - 2*a, 0 = 5*a - 10. Calculate the remainder when q is divided by 26.
25
Let z = -8127 - -8164. Calculate the remainder when 2025 is divided by z.
27
Calculate the remainder when 332 is divided by 20*(-22)/(-440) - -41.
38
Suppose -1378 = 11*j - 1785. Suppose 2*c + 2*c = 720. Calculate the remainder when c is divided by j.
32
Suppose 4*g - 863 = -w, 12 + 13 = -5*w. Let n = g - 127. Calculate the remainder when n is divided by 31.
28
Suppose 7*o - 375 = -3*n + 4*o, -2*o + 616 = 5*n. Calculate the remainder when 498 is divided by n.
10
Let p(z) = -9 + 7*z - 5*z + 2*z + 3*z. Let n be p(8). Let d = n - 34. Calculate the remainder when 36 is divided by d.
10
Let f(j) = -78*j + 447. Let m be f(6). What is the remainder when 223 is divided by (m/4 + -1)/((-10)/40)?
23
Suppose -h - 40590 = -64*h - 47*h. Calculate the remainder when h is divided by 73.
4
Suppose 4*l + 84 = 8*l. What is the remainder when (-5)/(-3*(-50)/(-2760)) is divided by l?
8
Let w(u) = 2*u**2 - u - 108. Let c be 3 - 6 - 12*(-3)/(-6). Calculate the remainder when w(c) is divided by (4 - 5) + (23 - 0).
19
Suppose 15988 + 24064 = 19*h. Calculate the remainder when h is divided by 131.
12
Let y = 1878 + -1288. Calculate the remainder when y is divided by 16.
14
Let r(d) = -d**3 - 2*d**2 + 5*d + 2. Let q be r(2). What is the remainder when -1 + 5 - (-218 - q) is divided by 20?
18
Let x be 969*(2 + -4)/(-2). Suppose -9*c = -28*c + x. Calculate the remainder when c is divided by 14.
9
Let g(h) = -64*h - 6090. Calculate the remainder when g(-100) is divided by 11.
2
Suppose -3*j - 4*v + 822 = -j, -4*v = 4. Calculate the remainder when j is divided by 193.
27
Suppose 32*z + 1 = -127. What is the remainder when 127 is divided by 61 + (z - -4 - -3)?
63
Let o = 1948 - 1941. What is the remainder when 521 is divided by o?
3
Suppose -27 = 4*g - 3*n + 42, 3*n = -2*g - 39. Calculate the remainder when ((-2)/(-2))/(g/(-2070)) is divided by 59.
56
Let u = 164 - 72. Suppose -s = 2*z - 45, 40 = z - 2*s + 6*s. What is the remainder when u is divided by z?
12
Let w(j) = -73*j + 50. Let b be w(-7). Suppose -22 = 560*c - b*c. Calculate the remainder when 174 is divided by c.
20
Let k = 329 + -123. Let m = k + -188. Calculate the remainder when m is divided by 16.
2
Let y = -78078 + 78125. Calculate the remainder when (177/(-2))/((-2)/4) is divided by y.
36
Suppose 4*b = 5*a - 1070, 3*a - 3*b - 877 + 232 = 0. What is the remainder when 5036 is divided by a?
206
Suppose -3*w + 5*l - 170 = 2*w, -48 = 2*w + 3*l. Let q be 40/260 + w/26. Calculate the remainder when 47 is divided by (-6)/(q/(-1 - -3)).
11
Let m = 293 + -269. Calculate the remainder when 71721/273 + (-10)/14 is divided by m.
22
Let v = 190